divided by 102?
98
What is the remainder when 117 is divided by 40?
37
Calculate the remainder when 1409 is divided by 271.
54
What is the remainder when 616 is divided by 4?
0
Calculate the remainder when 317 is divided by 261.
56
Calculate the remainder when 132 is divided by 3.
0
Calculate the remainder when 201 is divided by 149.
52
Calculate the remainder when 32 is divided by 22.
10
Calculate the remainder when 196 is divided by 34.
26
What is the remainder when 12691 is divided by 24?
19
Calculate the remainder when 18867 is divided by 15.
12
Calculate the remainder when 1762 is divided by 440.
2
What is the remainder when 516 is divided by 25?
16
Calculate the remainder when 357 is divided by 9.
6
Calculate the remainder when 177 is divided by 7.
2
What is the remainder when 1050 is divided by 47?
16
Calculate the remainder when 53 is divided by 12.
5
What is the remainder when 113 is divided by 41?
31
Calculate the remainder when 11057 is divided by 140.
137
What is the remainder when 109 is divided by 11?
10
What is the remainder when 111 is divided by 12?
3
Calculate the remainder when 597 is divided by 38.
27
Calculate the remainder when 140 is divided by 38.
26
Calculate the remainder when 905 is divided by 297.
14
What is the remainder when 80 is divided by 12?
8
Calculate the remainder when 3007 is divided by 339.
295
Calculate the remainder when 483 is divided by 235.
13
What is the remainder when 479 is divided by 80?
79
Calculate the remainder when 173 is divided by 18.
11
Calculate the remainder when 55773 is divided by 224.
221
Calculate the remainder when 172 is divided by 51.
19
What is the remainder when 110 is divided by 71?
39
What is the remainder when 6080 is divided by 39?
35
What is the remainder when 533 is divided by 5?
3
What is the remainder when 12488 is divided by 181?
180
What is the remainder when 5979 is divided by 65?
64
Calculate the remainder when 192 is divided by 11.
5
Calculate the remainder when 245 is divided by 6.
5
Calculate the remainder when 894 is divided by 14.
12
Calculate the remainder when 138 is divided by 71.
67
What is the remainder when 194 is divided by 96?
2
What is the remainder when 681 is divided by 19?
16
Calculate the remainder when 271 is divided by 47.
36
What is the remainder when 966 is divided by 50?
16
Calculate the remainder when 425 is divided by 36.
29
Calculate the remainder when 907 is divided by 99.
16
Calculate the remainder when 1197 is divided by 30.
27
What is the remainder when 55 is divided by 12?
7
Calculate the remainder when 23872 is divided by 125.
122
Calculate the remainder when 156 is divided by 32.
28
Calculate the remainder when 1414 is divided by 24.
22
What is the remainder when 160 is divided by 4?
0
Calculate the remainder when 150 is divided by 74.
2
Calculate the remainder when 3230 is divided by 16.
14
Calculate the remainder when 11680 is divided by 3893.
1
Calculate the remainder when 644 is divided by 28.
0
Calculate the remainder when 1293 is divided by 62.
53
What is the remainder when 1881 is divided by 47?
1
Calculate the remainder when 407 is divided by 21.
8
What is the remainder when 4506 is divided by 82?
78
Calculate the remainder when 63 is divided by 14.
7
Calculate the remainder when 215 is divided by 21.
5
Calculate the remainder when 404 is divided by 58.
56
Calculate the remainder when 62 is divided by 20.
2
Calculate the remainder when 740 is divided by 108.
92
Calculate the remainder when 719 is divided by 159.
83
What is the remainder when 9 is divided by 9?
0
What is the remainder when 489 is divided by 25?
14
Calculate the remainder when 288 is divided by 134.
20
What is the remainder when 87 is divided by 15?
12
What is the remainder when 257 is divided by 20?
17
What is the remainder when 7469 is divided by 2?
1
What is the remainder when 159 is divided by 151?
8
What is the remainder when 19284 is divided by 9?
6
What is the remainder when 5774 is divided by 11?
10
Calculate the remainder when 37229 is divided by 146.
145
What is the remainder when 130 is divided by 59?
12
What is the remainder when 49 is divided by 14?
7
Calculate the remainder when 485 is divided by 35.
30
Calculate the remainder when 542 is divided by 78.
74
What is the remainder when 998 is divided by 256?
230
Calculate the remainder when 293 is divided by 10.
3
Calculate the remainder when 197 is divided by 34.
27
Calculate the remainder when 98 is divided by 51.
47
What is the remainder when 369 is divided by 96?
81
What is the remainder when 2199 is divided by 419?
104
What is the remainder when 213 is divided by 48?
21
Calculate the remainder when 819 is divided by 399.
21
What is the remainder when 9263 is divided by 14?
9
What is the remainder when 1019 is divided by 85?
84
What is the remainder when 4571 is divided by 16?
11
What is the remainder when 1241 is divided by 611?
19
Calculate the remainder when 544 is divided by 29.
22
Calculate the remainder when 1271 is divided by 57.
17
What is the remainder when 4904 is divided by 1224?
8
What is the remainder when 402 is divided by 124?
30
Calculate the remainder when 6661 is divided by 554.
13
Calculate the remainder when 2402 is divided by 13.
10
What is the remainder when 24422 is divided by 21?
20
Calculate the remainder when 145 is divided by 31.
21
Calculate the remainder when 3239 is divided by 54.
53
What is the remainder when 1189 is divided by 34?
33
What is the remainder when 220 is divided by 68?
16
What is the remainder when 4701 is divided by 48?
45
What is the remainder when 30 is divided by 6?
0
Calculate the remainder when 32 is divided by 9.
5
What is the remainder when 34 is divided by 10?
4
What is the remainder when 1219 is divided by 22?
9
What is the remainder when 1086 is divided by 350?
36
Calculate the remainder when 493 is divided by 16.
13
What is the remainder when 569 is divided by 44?
41
What is the remainder when 11280 is divided by 62?
58
What is the remainder when 68 is divided by 64?
4
What is the remainder when 1914 is divided by 9?
6
Calculate the remainder when 1858 is divided by 14.
10
Calculate the remainder when 3454 is divided by 128.
126
Calculate the remainder when 518 is divided by 166.
20
Calculate the remainder when 174 is divided by 35.
34
Calculate the remainder when 42 is divided by 13.
3
What is the remainder when 239 is divided by 48?
47
Calculate the remainder when 40 is divided by 13.
1
What is the remainder when 658 is divided by 30?
28
What is the remainder when 289 is divided by 64?
33
Calculate the remainder when 193 is divided by 171.
22
Calculate the remainder when 1424 is divided by 1400.
24
What is the remainder when 679 is divided by 29?
12
What is the remainder when 179 is divided by 37?
31
Calculate the remainder when 246 is divided by 63.
57
What is the remainder when 473 is divided by 19?
17
Calculate the remainder when 77 is divided by 18.
5
What is the remainder when 1032 is divided by 5?
2
Calculate the remainder when 957 is divided by 15.
12
Calculate the remainder when 717 is divided by 16.
13
Calculate the remainder when 132 is divided by 20.
12
Calculate the remainder when 368 is divided by 121.
5
Calculate the remainder when 294 is divided by 6.
0
Calculate the remainder when 3729 is divided by 37.
29
What is the remainder when 1104 is divided by 30?
24
Calculate the remainder when 1396 is divided by 339.
40
What is the remainder when 1617 is divided by 24?
9
Calculate the remainder when 298 is divided by 31.
19
What is the remainder when 464 is divided by 211?
42
Calculate the remainder when 93 is divided by 58.
35
What is the remainder when 673 is divided by 627?
46
Calculate the remainder when 1144 is divided by 37.
34
Calculate the remainder when 601 is divided by 121.
117
What is the remainder when 1197 is divided by 15?
12
What is the remainder when 284 is divided by 54?
14
What is the remainder when 364 is divided by 137?
90
Calculate the remainder when 17371 is divided by 5787.
10
Calculate the remainder when 201 is divided by 12.
9
Calculate the remainder when 123 is divided by 8.
3
What is the remainder when 185 is divided by 117?
68
What is the remainder when 997 is divided by 1?
0
Calculate the remaind